{"id":1356,"date":"2021-07-31T17:12:52","date_gmt":"2021-07-31T15:12:52","guid":{"rendered":"https:\/\/www.gruene-syke.de\/?page_id=1356"},"modified":"2022-02-06T15:46:42","modified_gmt":"2022-02-06T14:46:42","slug":"wahlprogramm-2021","status":"publish","type":"page","link":"https:\/\/www.gruene-syke.de\/?page_id=1356","title":{"rendered":"Kommunalwahl 2021"},"content":{"rendered":"\n<h3 class=\"has-large-font-size wp-block-heading\">Unsere Kandidat*innen:<\/h3>\n\n\n\n<p class=\"has-large-font-size\"><strong>STADTRAT<\/strong><\/p>\n\n\n\n<div class=\"wp-block-image\"><figure class=\"aligncenter size-medium\"><a href=\"https:\/\/www.gruene-syke.de\/?page_id=1369\"><img loading=\"lazy\" decoding=\"async\" width=\"400\" height=\"312\" src=\"https:\/\/www.gruene-syke.de\/wp-content\/uploads\/2021\/08\/KandidatInnen-Stadtrat-400x312.jpg\" alt=\"\" class=\"wp-image-1941\" srcset=\"https:\/\/www.gruene-syke.de\/wp-content\/uploads\/2021\/08\/KandidatInnen-Stadtrat-400x312.jpg 400w, https:\/\/www.gruene-syke.de\/wp-content\/uploads\/2021\/08\/KandidatInnen-Stadtrat-800x623.jpg 800w, https:\/\/www.gruene-syke.de\/wp-content\/uploads\/2021\/08\/KandidatInnen-Stadtrat-768x598.jpg 768w, https:\/\/www.gruene-syke.de\/wp-content\/uploads\/2021\/08\/KandidatInnen-Stadtrat-150x117.jpg 150w, https:\/\/www.gruene-syke.de\/wp-content\/uploads\/2021\/08\/KandidatInnen-Stadtrat.jpg 841w\" sizes=\"auto, (max-width: 400px) 100vw, 400px\" \/><\/a><\/figure><\/div>\n\n\n\n<div style=\"height:32px\" aria-hidden=\"true\" class=\"wp-block-spacer\"><\/div>\n\n\n\n<p class=\"has-medium-font-size\">Hier geht es zum <a href=\"https:\/\/www.kreiszeitung.de\/lokales\/diepholz\/syke-ort44535\/syker-gruene-vollziehen-deutliche-verjuengungskur-90817997.html\">Bericht der Kreiszeitung \u00fcber die neuen Kandidat*innen der Syker Gr\u00fcnen<\/a>.<\/p>\n\n\n\n<p><\/p>\n\n\n\n<p class=\"has-large-font-size\"><strong>ORTSR\u00c4TE<\/strong><\/p>\n\n\n\n<div class=\"wp-block-image\"><figure class=\"aligncenter size-medium\"><a href=\"https:\/\/www.gruene-syke.de\/?page_id=1371\"><img loading=\"lazy\" decoding=\"async\" width=\"400\" height=\"258\" src=\"https:\/\/www.gruene-syke.de\/wp-content\/uploads\/2021\/08\/KandidatInnen-Ortsraete-400x258.jpg\" alt=\"\" class=\"wp-image-1940\" srcset=\"https:\/\/www.gruene-syke.de\/wp-content\/uploads\/2021\/08\/KandidatInnen-Ortsraete-400x258.jpg 400w, https:\/\/www.gruene-syke.de\/wp-content\/uploads\/2021\/08\/KandidatInnen-Ortsraete-800x516.jpg 800w, https:\/\/www.gruene-syke.de\/wp-content\/uploads\/2021\/08\/KandidatInnen-Ortsraete-768x495.jpg 768w, https:\/\/www.gruene-syke.de\/wp-content\/uploads\/2021\/08\/KandidatInnen-Ortsraete-150x97.jpg 150w, https:\/\/www.gruene-syke.de\/wp-content\/uploads\/2021\/08\/KandidatInnen-Ortsraete.jpg 839w\" sizes=\"auto, (max-width: 400px) 100vw, 400px\" \/><\/a><\/figure><\/div>\n\n\n\n<div style=\"height:56px\" aria-hidden=\"true\" class=\"wp-block-spacer\"><\/div>\n\n\n\n<p id=\"kreistags-kandidatinnen\"><strong>Unsere Kandidat*innen f\u00fcr den Kreistag Diepholz im Wahlbereich III Syke \/ Bruchhausen-Vilsen:<br><\/strong>auf Listenplatz 2:  <a href=\"https:\/\/www.gruene-diepholz.de\/kommunalwahl-2021\/\">Heinz-J\u00fcrgen Miche<\/a><a rel=\"noreferrer noopener\" href=\"https:\/\/www.gruene-diepholz.de\/kommunalwahl-2021\/\" target=\"_blank\">l<\/a> (bis zu seinem Wegzug nach Bassum Sprecher der Gr\u00fcnen Fraktion im Stadtrat Syke)<br>auf Listenplatz 3:   <a href=\"https:\/\/www.gruene-syke.de\/?p=1719#jutta-filikowski1\"> Jutta Filikowski<\/a><br>auf Listenplatz 6:    <a href=\"https:\/\/www.gruene-syke.de\/?p=1549\/#henning-greve1\">Henning Greve-T\u00f6belmann<\/a><br>auf Listenplatz 7:    <a href=\"https:\/\/www.gruene-syke.de\/?p=1448\/#jana-osmer1\">Jana Osmer<\/a><br>auf Listenplatz 10: <a href=\"https:\/\/www.gruene-syke.de\/?p=1549\/#carsten-eisen1\"> Carsten Eisen<\/a><br>auf Listenplatz 11:  <a href=\"https:\/\/www.gruene-syke.de\/?p=1448\/#brita-thiele1\">Inga-Brita Thiele<\/a><\/p>\n\n\n\n<div style=\"height:24px\" aria-hidden=\"true\" class=\"wp-block-spacer\"><\/div>\n\n\n\n<h3 class=\"has-large-font-size wp-block-heading\"><strong>Unsere Themen:<\/strong><\/h3>\n\n\n\n<p>1: <a href=\"https:\/\/www.gruene-syke.de\/?p=1636\">Klimaschutz &amp; Energie<\/a><\/p>\n\n\n\n<p>2. <a href=\"https:\/\/www.gruene-syke.de\/?p=1682\">Stadtentwicklung &amp; Baupolitik<\/a><\/p>\n\n\n\n<p>3. <a href=\"https:\/\/www.gruene-syke.de\/?p=1961\">Nachhaltige Mobilit\u00e4t &amp; Verkehrspolitik<\/a><\/p>\n\n\n\n<p>4. <a href=\"https:\/\/www.gruene-syke.de\/?p=1979\">Naturschutz<\/a><\/p>\n\n\n\n<p>5. <a href=\"https:\/\/www.gruene-syke.de\/?p=2006\">Landwirtschaft<\/a><\/p>\n\n\n\n<p>6. <a href=\"https:\/\/www.gruene-syke.de\/?p=2010\">Kinderg\u00e4rten &amp; Schulen<\/a><\/p>\n\n\n\n<p>7. <a href=\"https:\/\/www.gruene-syke.de\/?p=2016\">Jugendarbeit<\/a><\/p>\n\n\n\n<p>8. <a href=\"https:\/\/www.gruene-syke.de\/?p=2021\">Integration<\/a><\/p>\n\n\n\n<p>9. <a href=\"https:\/\/www.gruene-syke.de\/?p=2028\">Inklusion<\/a><\/p>\n\n\n\n<p>10. <a href=\"https:\/\/www.gruene-syke.de\/?p=2050\">Digitalisierung<\/a><\/p>\n\n\n\n<p>11.-12 <a href=\"https:\/\/www.gruene-syke.de\/?p=2076\">Kultur, Sport &amp; Naherholung<\/a><\/p>\n\n\n\n<p><\/p>\n\n\n\n<p>Hier gibt es unser gesamtes <a rel=\"noreferrer noopener\" href=\"https:\/\/www.gruene-syke.de\/wp-content\/uploads\/2021\/06\/Gr-Sy-Wahlprogramm-2021.pdf\" target=\"_blank\">Wahlprogramm f\u00fcr Syke<\/a> als pdf-Download (ca. 340 kb).<\/p>\n\n\n\n<p><\/p>\n\n\n\n<p>Und hier das <a rel=\"noreferrer noopener\" href=\"https:\/\/www.gruene-diepholz.de\/userspace\/NS\/kv_diepholz\/Dateien\/Kommunalwahl_2021\/Wahlprogramm_Kommunal_2021_Briefkopf.pdf\" target=\"_blank\">Wahlprogramm des Gr\u00fcnen Kreisverbands Diepholz<\/a> als pdf-Download (ca. 180 kb).<\/p>\n","protected":false},"excerpt":{"rendered":"<p>Unsere Kandidat*innen: STADTRAT Hier geht es zum Bericht der Kreiszeitung \u00fcber die neuen Kandidat*innen der Syker Gr\u00fcnen. ORTSR\u00c4TE Unsere Kandidat*innen f\u00fcr den Kreistag Diepholz im Wahlbereich III Syke \/ Bruchhausen-Vilsen:auf [&hellip;]<\/p>\n","protected":false},"author":3,"featured_media":0,"parent":290,"menu_order":0,"comment_status":"closed","ping_status":"closed","template":"","meta":{"footnotes":""},"class_list":["post-1356","page","type-page","status-publish","hentry"],"_links":{"self":[{"href":"https:\/\/www.gruene-syke.de\/index.php?rest_route=\/wp\/v2\/pages\/1356","targetHints":{"allow":["GET"]}}],"collection":[{"href":"https:\/\/www.gruene-syke.de\/index.php?rest_route=\/wp\/v2\/pages"}],"about":[{"href":"https:\/\/www.gruene-syke.de\/index.php?rest_route=\/wp\/v2\/types\/page"}],"author":[{"embeddable":true,"href":"https:\/\/www.gruene-syke.de\/index.php?rest_route=\/wp\/v2\/users\/3"}],"replies":[{"embeddable":true,"href":"https:\/\/www.gruene-syke.de\/index.php?rest_route=%2Fwp%2Fv2%2Fcomments&post=1356"}],"version-history":[{"count":29,"href":"https:\/\/www.gruene-syke.de\/index.php?rest_route=\/wp\/v2\/pages\/1356\/revisions"}],"predecessor-version":[{"id":2085,"href":"https:\/\/www.gruene-syke.de\/index.php?rest_route=\/wp\/v2\/pages\/1356\/revisions\/2085"}],"up":[{"embeddable":true,"href":"https:\/\/www.gruene-syke.de\/index.php?rest_route=\/wp\/v2\/pages\/290"}],"wp:attachment":[{"href":"https:\/\/www.gruene-syke.de\/index.php?rest_route=%2Fwp%2Fv2%2Fmedia&parent=1356"}],"curies":[{"name":"wp","href":"https:\/\/api.w.org\/{rel}","templated":true}]}}